{"id":8,"date":"2020-05-29T21:18:06","date_gmt":"2020-05-29T21:18:06","guid":{"rendered":"http:\/\/escueladecinemza.com.ar\/web\/?page_id=8"},"modified":"2023-12-07T23:27:40","modified_gmt":"2023-12-07T23:27:40","slug":"centro-de-produccion","status":"publish","type":"page","link":"https:\/\/escueladecinemza.com.ar\/web\/centro-de-produccion\/","title":{"rendered":"Centro de Producci\u00f3n"},"content":{"rendered":"\n<p>El Centro de Producci\u00f3n es el \u00e1rea encargada del mantenimiento, reparaci\u00f3n y provisi\u00f3n de los equipos a usarse en clase y en la<br>realizaci\u00f3n de trabajos pr\u00e1cticos. Adem\u00e1s, administra el uso del Set de Televisi\u00f3n y de la Isla de Edici\u00f3n.<\/p>\n\n\n\n<ul class=\"wp-block-list\">\n<li>Provee de los equipos para la realizaci\u00f3n de pr\u00e1cticas de c\u00e1tedra y trabajos de tesis a los\/as alumnos\/as de la instituci\u00f3n.<\/li>\n\n\n\n<li>Esta \u00e1rea presta servicios tambi\u00e9n a egresados\/as u otros\/as profesionales del medio, en tanto no se afecte el trabajo curricular de la carrera.<\/li>\n\n\n\n<li>Cuenta con un equipo de profesionales estable que atiende las diversas actividades que le son propias al \u00e1rea, incluyendo el mantenimiento de los equipos.<\/li>\n\n\n\n<li>Se suman adem\u00e1s, profesores\/as que imparten all\u00ed sus talleres regularmente.<\/li>\n<\/ul>\n\n\n\n<p>Jefe del Centro de Producci\u00f3n: Carlos Canale<\/p>\n","protected":false},"excerpt":{"rendered":"<p>El Centro de Producci\u00f3n es el \u00e1rea encargada del mantenimiento, reparaci\u00f3n y provisi\u00f3n de los equipos a usarse en clase y en larealizaci\u00f3n de trabajos pr\u00e1cticos. Adem\u00e1s, administra el uso del Set de Televisi\u00f3n y de la Isla de Edici\u00f3n. Jefe del Centro de Producci\u00f3n: Carlos Canale<\/p>\n","protected":false},"author":2,"featured_media":0,"parent":0,"menu_order":0,"comment_status":"closed","ping_status":"closed","template":"","meta":{"ngg_post_thumbnail":0,"footnotes":""},"class_list":["post-8","page","type-page","status-publish","hentry"],"_links":{"self":[{"href":"https:\/\/escueladecinemza.com.ar\/web\/wp-json\/wp\/v2\/pages\/8","targetHints":{"allow":["GET"]}}],"collection":[{"href":"https:\/\/escueladecinemza.com.ar\/web\/wp-json\/wp\/v2\/pages"}],"about":[{"href":"https:\/\/escueladecinemza.com.ar\/web\/wp-json\/wp\/v2\/types\/page"}],"author":[{"embeddable":true,"href":"https:\/\/escueladecinemza.com.ar\/web\/wp-json\/wp\/v2\/users\/2"}],"replies":[{"embeddable":true,"href":"https:\/\/escueladecinemza.com.ar\/web\/wp-json\/wp\/v2\/comments?post=8"}],"version-history":[{"count":7,"href":"https:\/\/escueladecinemza.com.ar\/web\/wp-json\/wp\/v2\/pages\/8\/revisions"}],"predecessor-version":[{"id":704,"href":"https:\/\/escueladecinemza.com.ar\/web\/wp-json\/wp\/v2\/pages\/8\/revisions\/704"}],"wp:attachment":[{"href":"https:\/\/escueladecinemza.com.ar\/web\/wp-json\/wp\/v2\/media?parent=8"}],"curies":[{"name":"wp","href":"https:\/\/api.w.org\/{rel}","templated":true}]}}

Centro de Producción

<p>El Centro de Producción es el área encargada del mantenimiento, reparación y provisión de los equipos a usarse en clase y en la<br>realización de trabajos prácticos. Además, administra el uso del Set de Televisión y de la Isla de Edición.</p>



<ul class="wp-block-list">
<li>Provee de los equipos para la realización de prácticas de cátedra y trabajos de tesis a los/as alumnos/as de la institución.</li>



<li>Esta área presta servicios también a egresados/as u otros/as profesionales del medio, en tanto no se afecte el trabajo curricular de la carrera.</li>



<li>Cuenta con un equipo de profesionales estable que atiende las diversas actividades que le son propias al área, incluyendo el mantenimiento de los equipos.</li>



<li>Se suman además, profesores/as que imparten allí sus talleres regularmente.</li>
</ul>



<p>Jefe del Centro de Producción: Carlos Canale</p>

<p>El Centro de Producción es el área encargada del mantenimiento, reparación y provisión de los equipos a usarse en clase y en larealización de trabajos prácticos. Además, administra el uso del Set de Televisión y de la Isla de Edición. Jefe del Centro de Producción: Carlos Canale</p>
