{"id":7,"date":"2020-05-29T21:18:06","date_gmt":"2020-05-29T21:18:06","guid":{"rendered":"http:\/\/escueladecinemza.com.ar\/web\/?page_id=7"},"modified":"2020-09-21T05:40:43","modified_gmt":"2020-09-21T05:40:43","slug":"investigacion","status":"publish","type":"page","link":"https:\/\/escueladecinemza.com.ar\/web\/investigacion\/","title":{"rendered":"Investigaci\u00f3n"},"content":{"rendered":"\n<p>El \u00e1rea de Investigaci\u00f3n es un pilar fundamental dentro del Consejo Acad\u00e9mico de la Instituci\u00f3n. Su tarea es producir conocimientos nuevos y relevantes en aspectos netamente educativos tales como evaluaci\u00f3n y calidad educativa, pr\u00e1cticas pedag\u00f3gicas, did\u00e1cticas espec\u00edficas, la escuela y su contextos, entre otros. De ello, dan cuenta los \u00faltimos proyectos realizados que han aportado respuestas a inquietudes tales como el modelo de ingreso para nuestra escuela, la optimizaci\u00f3n del dise\u00f1o curricular o la futura implementaci\u00f3n de aulas virtuales para el dictado de clases.<\/p>\n\n\n\n<p><strong>Jefe de Investigaci\u00f3n: <\/strong>Gustavo Casanova                                      <strong>Investigadora:<\/strong> Cecilia Nazrala                                                                   <strong>Auxiliar:<\/strong> Sandra Nieto<\/p>\n\n\n\n<p><strong>Contacto:<\/strong> erccvinvestiga@gmail.com<\/p>\n","protected":false},"excerpt":{"rendered":"<p>El \u00e1rea de Investigaci\u00f3n es un pilar fundamental dentro del Consejo Acad\u00e9mico de la Instituci\u00f3n. Su tarea es producir conocimientos nuevos y relevantes en aspectos netamente educativos tales como evaluaci\u00f3n y calidad educativa, pr\u00e1cticas pedag\u00f3gicas, did\u00e1cticas espec\u00edficas, la escuela y su contextos, entre otros. De ello, dan cuenta los \u00faltimos proyectos realizados que han aportado &#8230; <a title=\"Investigaci\u00f3n\" class=\"read-more\" href=\"https:\/\/escueladecinemza.com.ar\/web\/investigacion\/\" aria-label=\"M\u00e1s en Investigaci\u00f3n\">Leer m\u00e1s<\/a><\/p>\n","protected":false},"author":2,"featured_media":0,"parent":0,"menu_order":0,"comment_status":"closed","ping_status":"closed","template":"","meta":{"ngg_post_thumbnail":0,"footnotes":""},"class_list":["post-7","page","type-page","status-publish","hentry"],"_links":{"self":[{"href":"https:\/\/escueladecinemza.com.ar\/web\/wp-json\/wp\/v2\/pages\/7","targetHints":{"allow":["GET"]}}],"collection":[{"href":"https:\/\/escueladecinemza.com.ar\/web\/wp-json\/wp\/v2\/pages"}],"about":[{"href":"https:\/\/escueladecinemza.com.ar\/web\/wp-json\/wp\/v2\/types\/page"}],"author":[{"embeddable":true,"href":"https:\/\/escueladecinemza.com.ar\/web\/wp-json\/wp\/v2\/users\/2"}],"replies":[{"embeddable":true,"href":"https:\/\/escueladecinemza.com.ar\/web\/wp-json\/wp\/v2\/comments?post=7"}],"version-history":[{"count":4,"href":"https:\/\/escueladecinemza.com.ar\/web\/wp-json\/wp\/v2\/pages\/7\/revisions"}],"predecessor-version":[{"id":205,"href":"https:\/\/escueladecinemza.com.ar\/web\/wp-json\/wp\/v2\/pages\/7\/revisions\/205"}],"wp:attachment":[{"href":"https:\/\/escueladecinemza.com.ar\/web\/wp-json\/wp\/v2\/media?parent=7"}],"curies":[{"name":"wp","href":"https:\/\/api.w.org\/{rel}","templated":true}]}}