{"id":361,"date":"2023-02-24T13:40:07","date_gmt":"2023-02-24T13:40:07","guid":{"rendered":"http:\/\/escueladecinemza.com.ar\/web\/?page_id=361"},"modified":"2026-04-16T19:30:54","modified_gmt":"2026-04-16T19:30:54","slug":"fotografia-creativa-y-diseno-fotografico","status":"publish","type":"page","link":"https:\/\/escueladecinemza.com.ar\/web\/fotografia-creativa-y-diseno-fotografico\/","title":{"rendered":"Fotograf\u00eda creativa y dise\u00f1o fotogr\u00e1fico"},"content":{"rendered":"\n<div class=\"wp-block-columns is-layout-flex wp-container-core-columns-is-layout-9d6595d7 wp-block-columns-is-layout-flex\">\n<div class=\"wp-block-column is-layout-flow wp-block-column-is-layout-flow\">\n<div class=\"wp-block-cover alignfull\" style=\"min-height:353px;aspect-ratio:unset;\"><img fetchpriority=\"high\" decoding=\"async\" width=\"1600\" height=\"475\" class=\"wp-block-cover__image-background wp-image-363\" alt=\"\" src=\"http:\/\/escueladecinemza.com.ar\/web\/wp-content\/uploads\/2023\/02\/ille.jpg\" style=\"object-position:45% 33%\" data-object-fit=\"cover\" data-object-position=\"45% 33%\" srcset=\"https:\/\/escueladecinemza.com.ar\/web\/wp-content\/uploads\/2023\/02\/ille.jpg 1600w, https:\/\/escueladecinemza.com.ar\/web\/wp-content\/uploads\/2023\/02\/ille-300x89.jpg 300w, https:\/\/escueladecinemza.com.ar\/web\/wp-content\/uploads\/2023\/02\/ille-1024x304.jpg 1024w, https:\/\/escueladecinemza.com.ar\/web\/wp-content\/uploads\/2023\/02\/ille-768x228.jpg 768w, https:\/\/escueladecinemza.com.ar\/web\/wp-content\/uploads\/2023\/02\/ille-1536x456.jpg 1536w\" sizes=\"(max-width: 1600px) 100vw, 1600px\" \/><span aria-hidden=\"true\" class=\"wp-block-cover__background has-background-dim-60 has-background-dim\"><\/span><div class=\"wp-block-cover__inner-container is-layout-flow wp-block-cover-is-layout-flow\">\n<div style=\"height:104px\" aria-hidden=\"true\" class=\"wp-block-spacer\"><\/div>\n\n\n\n<div class=\"wp-block-columns alignwide is-layout-flex wp-container-core-columns-is-layout-9d6595d7 wp-block-columns-is-layout-flex\">\n<div class=\"wp-block-column is-layout-flow wp-block-column-is-layout-flow\">\n<p class=\"has-text-align-center has-white-color has-text-color\" style=\"font-size:54px\"><strong>Tecnicatura Superior en Fotograf\u00eda Creativa y Dise\u00f1o Fotogr\u00e1fico<\/strong><\/p>\n<\/div>\n<\/div>\n<\/div><\/div>\n<\/div>\n<\/div>\n\n\n\n<div class=\"wp-block-columns is-layout-flex wp-container-core-columns-is-layout-9d6595d7 wp-block-columns-is-layout-flex\">\n<div class=\"wp-block-column is-layout-flow wp-block-column-is-layout-flow\">\n<h4 class=\"wp-block-heading\" style=\"font-style:italic;font-weight:800\">Incumbencias<\/h4>\n\n\n\n<ul class=\"wp-block-list\">\n<li>Dirigir producciones fotogr\u00e1ficas en las etapas de proyecto, organizaci\u00f3n, realizaci\u00f3n e impresi\u00f3n del material producido\u009d<\/li>\n\n\n\n<li>Coordinar los recursos humanos necesarios para la implementaci\u00f3n del proyecto, considerando los recursos econ\u00f3micos y t\u00e9cnicos disponibles, o bien la captaci\u00f3n de los mismos.<\/li>\n\n\n\n<li>Ejecutar el procesamiento completo y acabado de im\u00e1genes fotogr\u00e1ficas tanto anal\u00f3gicas como digitales.<\/li>\n\n\n\n<li>Resolver problemas t\u00e9cnicos, de equipamiento, materiales y de condiciones medioambientales en el proceso de toma\/realizaci\u00f3n de fotograf\u00edas\u009d<\/li>\n\n\n\n<li>Participar en realizaciones y producciones de fotograf\u00eda publicitaria y\/o de dise\u00f1o que requieran un particular tratamiento de la imagen fotogr\u00e1fica, trabajando en equipo y resolviendo problemas de la vida productiva. Valorar la fotograf\u00eda como expresi\u00f3n cultural de distintas \u00e9pocas, como posibilidad de captura de la realidad y de creaci\u00f3n de nuevas realidades en las que se conjugan los personajes con el entorno, enfatizando la est\u00e9tica de la imagen.<\/li>\n<\/ul>\n<\/div>\n\n\n\n<div class=\"wp-block-column is-layout-flow wp-block-column-is-layout-flow\">\n<h4 class=\"wp-block-heading\" style=\"font-style:italic;font-weight:800\">Competencias<\/h4>\n\n\n\n<ul class=\"wp-block-list\">\n<li>Gestionar el desarrollo de producciones\/proyectos fotogr\u00e1ficos considerando las condiciones del contexto, la especialidad de la producci\u00f3n, la calidad del producto final y el trabajo en equipo.<\/li>\n\n\n\n<li>Desarrollar producciones fotogr\u00e1ficas, en las etapas de proyecto y organizaci\u00f3n, coordinando recursos humanos, econ\u00f3micos y t\u00e9cnicos en la etapa de ejecuci\u00f3n.<\/li>\n\n\n\n<li>Operar equipos fotogr\u00e1ficos, tecnolog\u00eda inform\u00e1tica y de laboratorio considerando el tipo de producci\u00f3n y la calidad del mismo.<\/li>\n\n\n\n<li>Operar laboratorio considerando la aplicaci\u00f3n de principios de la qu\u00edmica, el tipo de producto y la calidad del mismo.<\/li>\n\n\n\n<li>Asesorar en materia de fotograf\u00eda, de tecnolog\u00eda de equipos, de procesos y de materiales en \u00e1mbitos socio productivos y en vistas a la ense\u00f1anza, difusi\u00f3n y popularizaci\u00f3n de la fotograf\u00eda y sus diversas aplicaciones.<\/li>\n<\/ul>\n<\/div>\n<\/div>\n\n\n<div class=\"wp-block-image\">\n<figure class=\"aligncenter size-large\"><img decoding=\"async\" width=\"1024\" height=\"768\" src=\"http:\/\/escueladecinemza.com.ar\/web\/wp-content\/uploads\/2023\/03\/WhatsApp-Image-2023-03-14-at-13.48.09-1024x768.jpeg\" alt=\"\" class=\"wp-image-420\" srcset=\"https:\/\/escueladecinemza.com.ar\/web\/wp-content\/uploads\/2023\/03\/WhatsApp-Image-2023-03-14-at-13.48.09-1024x768.jpeg 1024w, https:\/\/escueladecinemza.com.ar\/web\/wp-content\/uploads\/2023\/03\/WhatsApp-Image-2023-03-14-at-13.48.09-300x225.jpeg 300w, https:\/\/escueladecinemza.com.ar\/web\/wp-content\/uploads\/2023\/03\/WhatsApp-Image-2023-03-14-at-13.48.09-768x576.jpeg 768w, https:\/\/escueladecinemza.com.ar\/web\/wp-content\/uploads\/2023\/03\/WhatsApp-Image-2023-03-14-at-13.48.09.jpeg 1280w\" sizes=\"(max-width: 1024px) 100vw, 1024px\" \/><\/figure>\n<\/div>\n\n\n<hr class=\"wp-block-separator has-text-color has-contrast-2-color has-alpha-channel-opacity has-contrast-2-background-color has-background\"\/>\n\n\n\n<h2 class=\"wp-block-heading has-text-align-center\" style=\"font-size:34px;font-style:normal;font-weight:700\">Plan de Estudios<\/h2>\n\n\n\n<h4 class=\"wp-block-heading has-text-align-center has-contrast-2-color has-text-color\">Materias Tecnicatura Superior en Fotograf\u00eda Creativa y Dise\u00f1o Fotogr\u00e1fico<\/h4>\n\n\n\n<div style=\"height:11px\" aria-hidden=\"true\" class=\"wp-block-spacer\"><\/div>\n\n\n\n<div class=\"wp-block-columns is-layout-flex wp-container-core-columns-is-layout-9d6595d7 wp-block-columns-is-layout-flex\">\n<div class=\"wp-block-column is-layout-flow wp-block-column-is-layout-flow\">\n<h3 class=\"wp-block-heading has-medium-font-size\"><strong>Primer A\u00f1o<\/strong><\/h3>\n\n\n\n<ul class=\"wp-block-list\">\n<li>Dise\u00f1o Fotogr\u00e1fico I<\/li>\n\n\n\n<li>Inform\u00e1tica aplicada y Redes sociales<\/li>\n\n\n\n<li>Psicolog\u00eda de la Percepci\u00f3n<\/li>\n\n\n\n<li>Historia del Arte, del dise\u00f1o <br>y la Fotograf\u00eda I<\/li>\n\n\n\n<li>T\u00e9cnicas de representaci\u00f3n I<\/li>\n\n\n\n<li>Creatividad aplicada a la fotograf\u00eda<\/li>\n\n\n\n<li>Pr\u00e1cticas de lectura, escritura y oralidad<\/li>\n\n\n\n<li>Ingles T\u00e9cnico<\/li>\n\n\n\n<li>Tecnolog\u00eda Fotogr\u00e1fica<\/li>\n\n\n\n<li>Pr\u00e1ctica Profesionalizante I<\/li>\n\n\n\n<li>Fotograf\u00eda Creativa I<\/li>\n<\/ul>\n<\/div>\n\n\n\n<div class=\"wp-block-column is-layout-flow wp-block-column-is-layout-flow\">\n<h3 class=\"wp-block-heading has-medium-font-size\"><strong>Segundo A\u00f1o<\/strong><\/h3>\n\n\n\n<ul class=\"wp-block-list\">\n<li>Dise\u00f1o Fotogr\u00e1fico II<\/li>\n\n\n\n<li>Herramientas de la Fotograf\u00eda Digital I<\/li>\n\n\n\n<li>T\u00e9cnicas de representaci\u00f3n II<\/li>\n\n\n\n<li>Semi\u00f3tica y Lenguaje Visual<\/li>\n\n\n\n<li>Historia del Arte, el dise\u00f1o y la Fotograf\u00eda II<\/li>\n\n\n\n<li>Taller de Fotograf\u00eda Creativa II<\/li>\n\n\n\n<li>Taller de Pr\u00e1ctica Profesionalizante II<\/li>\n\n\n\n<li>Problem\u00e1tica Sociocultural y el Contexto<\/li>\n\n\n\n<li>Psicolog\u00eda Social<\/li>\n\n\n\n<li>Fotograf\u00eda patrimonial, Arquitectura, Sitios y paisajes<\/li>\n\n\n\n<li>Microemprendimientos<\/li>\n<\/ul>\n<\/div>\n\n\n\n<div class=\"wp-block-column is-layout-flow wp-block-column-is-layout-flow\">\n<h3 class=\"wp-block-heading has-medium-font-size\"><strong>Tercer A\u00f1o<\/strong><\/h3>\n\n\n\n<ul class=\"wp-block-list\">\n<li>Dise\u00f1o Fotogr\u00e1fico III<\/li>\n\n\n\n<li>Herramientas de la Fotograf\u00eda Digital II<\/li>\n\n\n\n<li>Introducci\u00f3n al Dise\u00f1o Publicitario<\/li>\n\n\n\n<li>Mercadotecnia para PYMES<\/li>\n\n\n\n<li>Formulaci\u00f3n y Evaluaci\u00f3n de Proyectos<\/li>\n\n\n\n<li>Taller de Fotoperiodismo<\/li>\n\n\n\n<li>Taller de Fotograf\u00eda Cient\u00edfica y Pericial<\/li>\n\n\n\n<li>\u00c9tica Profesional<\/li>\n\n\n\n<li>Comunicaci\u00f3n Medios y Nuevas Tecnolog\u00edas<\/li>\n\n\n\n<li>Taller de Fotograf\u00eda Creativa III<\/li>\n\n\n\n<li>Taller de Pr\u00e1ctica Profesional III<\/li>\n\n\n\n<li>Introducci\u00f3n a la Videofilmaci\u00f3n<\/li>\n<\/ul>\n<\/div>\n<\/div>\n\n\n\n<h6 class=\"wp-block-heading has-text-align-center has-accent-color has-text-color has-medium-font-size\" style=\"font-style:normal;font-weight:700\">Duraci\u00f3n de la carrera: 3 a\u00f1os<\/h6>\n\n\n\n<hr class=\"wp-block-separator has-text-color has-accent-color has-alpha-channel-opacity has-accent-background-color has-background\"\/>\n\n\n\n<h2 class=\"wp-block-heading has-text-align-center has-contrast-2-color has-text-color\" style=\"font-style:italic;font-weight:300\">Conoc\u00e9 la carrera:<\/h2>\n\n\n\n<div class=\"wp-block-columns is-layout-flex wp-container-core-columns-is-layout-9d6595d7 wp-block-columns-is-layout-flex\">\n<div class=\"wp-block-column is-layout-flow wp-block-column-is-layout-flow\">\n<figure class=\"wp-block-embed is-type-video is-provider-youtube wp-block-embed-youtube wp-embed-aspect-16-9 wp-has-aspect-ratio\"><div class=\"wp-block-embed__wrapper\">\n<iframe title=\"Promo Fotograf\u00eda 2023 - Toma A\" width=\"843\" height=\"474\" src=\"https:\/\/www.youtube.com\/embed\/NTewiOOyRNw?feature=oembed\" frameborder=\"0\" allow=\"accelerometer; autoplay; clipboard-write; encrypted-media; gyroscope; picture-in-picture; web-share\" referrerpolicy=\"strict-origin-when-cross-origin\" allowfullscreen><\/iframe>\n<\/div><\/figure>\n<\/div>\n\n\n\n<div class=\"wp-block-column is-layout-flow wp-block-column-is-layout-flow\">\n<figure class=\"wp-block-embed is-type-video is-provider-youtube wp-block-embed-youtube wp-embed-aspect-16-9 wp-has-aspect-ratio\"><div class=\"wp-block-embed__wrapper\">\n<iframe title=\"Promo Fotograf\u00eda 2023 - Toma B\" width=\"843\" height=\"474\" src=\"https:\/\/www.youtube.com\/embed\/AlKOwgWJ5NU?feature=oembed\" frameborder=\"0\" allow=\"accelerometer; autoplay; clipboard-write; encrypted-media; gyroscope; picture-in-picture; web-share\" referrerpolicy=\"strict-origin-when-cross-origin\" allowfullscreen><\/iframe>\n<\/div><\/figure>\n<\/div>\n<\/div>\n\n\n\n<hr class=\"wp-block-separator has-alpha-channel-opacity\"\/>\n\n\n\n<div class=\"wp-block-columns is-layout-flex wp-container-core-columns-is-layout-9d6595d7 wp-block-columns-is-layout-flex\">\n<div class=\"wp-block-column is-layout-flow wp-block-column-is-layout-flow\">\n<h4 class=\"wp-block-heading has-text-align-right has-accent-color has-text-color\" style=\"font-style:italic;font-weight:300\">Informaci\u00f3n y Contacto:<\/h4>\n<\/div>\n\n\n\n<div class=\"wp-block-column is-layout-flow wp-block-column-is-layout-flow\">\n<h4 class=\"wp-block-heading has-text-align-left\" style=\"font-size:22px\"><strong>Escuela Dr. Julio Lemos<\/strong><\/h4>\n\n\n\n<p>Sarratea 747 &#8211; Godoy Cruz &#8211; Mendoza<\/p>\n\n\n\n<p class=\"has-accent-color has-text-color\">Bedel &#8211; Auxiliar Docente: Cecilia Montenegro<br>Horarios de atenci\u00f3n: Lunes a Viernes de 19 a 22hs.<br>Email: <a href=\"mailto:fotografiacreativa2023@gmail.com\" target=\"_blank\" rel=\"noreferrer noopener\">fotografiacreativa2023@gmail.com<\/a><br>Tel\u00e9fono: 261 8038881<\/p>\n<\/div>\n<\/div>\n\n\n\n<p><\/p>\n","protected":false},"excerpt":{"rendered":"<p>Incumbencias Competencias Plan de Estudios Materias Tecnicatura Superior en Fotograf\u00eda Creativa y Dise\u00f1o Fotogr\u00e1fico Primer A\u00f1o Segundo A\u00f1o Tercer A\u00f1o Duraci\u00f3n de la carrera: 3 a\u00f1os Conoc\u00e9 la carrera: Informaci\u00f3n y Contacto: Escuela Dr. Julio Lemos Sarratea 747 &#8211; Godoy Cruz &#8211; Mendoza Bedel &#8211; Auxiliar Docente: Cecilia MontenegroHorarios de atenci\u00f3n: Lunes a Viernes de &#8230; <a title=\"Fotograf\u00eda creativa y dise\u00f1o fotogr\u00e1fico\" class=\"read-more\" href=\"https:\/\/escueladecinemza.com.ar\/web\/fotografia-creativa-y-diseno-fotografico\/\" aria-label=\"M\u00e1s en Fotograf\u00eda creativa y dise\u00f1o fotogr\u00e1fico\">Leer m\u00e1s<\/a><\/p>\n","protected":false},"author":2,"featured_media":0,"parent":0,"menu_order":0,"comment_status":"closed","ping_status":"closed","template":"","meta":{"ngg_post_thumbnail":0,"footnotes":""},"class_list":["post-361","page","type-page","status-publish","hentry"],"_links":{"self":[{"href":"https:\/\/escueladecinemza.com.ar\/web\/wp-json\/wp\/v2\/pages\/361","targetHints":{"allow":["GET"]}}],"collection":[{"href":"https:\/\/escueladecinemza.com.ar\/web\/wp-json\/wp\/v2\/pages"}],"about":[{"href":"https:\/\/escueladecinemza.com.ar\/web\/wp-json\/wp\/v2\/types\/page"}],"author":[{"embeddable":true,"href":"https:\/\/escueladecinemza.com.ar\/web\/wp-json\/wp\/v2\/users\/2"}],"replies":[{"embeddable":true,"href":"https:\/\/escueladecinemza.com.ar\/web\/wp-json\/wp\/v2\/comments?post=361"}],"version-history":[{"count":23,"href":"https:\/\/escueladecinemza.com.ar\/web\/wp-json\/wp\/v2\/pages\/361\/revisions"}],"predecessor-version":[{"id":1243,"href":"https:\/\/escueladecinemza.com.ar\/web\/wp-json\/wp\/v2\/pages\/361\/revisions\/1243"}],"wp:attachment":[{"href":"https:\/\/escueladecinemza.com.ar\/web\/wp-json\/wp\/v2\/media?parent=361"}],"curies":[{"name":"wp","href":"https:\/\/api.w.org\/{rel}","templated":true}]}}