{"id":124,"date":"2020-08-05T02:36:55","date_gmt":"2020-08-05T02:36:55","guid":{"rendered":"http:\/\/escueladecinemza.com.ar\/web\/?page_id=124"},"modified":"2026-04-16T01:00:40","modified_gmt":"2026-04-16T01:00:40","slug":"institucional-2","status":"publish","type":"page","link":"https:\/\/escueladecinemza.com.ar\/web\/institucional-2\/","title":{"rendered":"Institucional"},"content":{"rendered":"\n<p><strong>La Escuela Regional Cuyo de Cine y Video<\/strong> fue creada en 1990 y es un Instituto T\u00e9cnico de Educaci\u00f3n Superior dedicado a la formaci\u00f3n audiovisual. Desde sus inicios, la instituci\u00f3n otorga el t\u00edtulo de <strong>T\u00e9cnico Superior en Cine, Video y Televisi\u00f3n<\/strong>, formando profesionales en el campo del cine y los medios. Depende de la Direcci\u00f3n de Ense\u00f1anza Superior, en el \u00e1mbito de la Direcci\u00f3n General de Escuelas, garantizando una formaci\u00f3n de calidad con reconocimiento oficial en todo el pa\u00eds.<\/p>\n\n\n\n<p>Actualmente, su propuesta acad\u00e9mica se ampl\u00eda con la <strong>Tecnicatura Superior en Fotograf\u00eda Creativa y Dise\u00f1o Fotogr\u00e1fico<\/strong>, incorporando nuevas miradas y herramientas para la producci\u00f3n de im\u00e1genes contempor\u00e1neas.<\/p>\n\n\n\n<p>La escuela re\u00fane a artistas, t\u00e9cnicos y t\u00e9cnicas especializados, constituy\u00e9ndose como un espacio de formaci\u00f3n integral para el desarrollo de la industria audiovisual y fotogr\u00e1fica.<\/p>\n\n\n\n<p>Cuenta con un <strong>Centro de Producci\u00f3n<\/strong>, \u00e1rea encargada del mantenimiento, reparaci\u00f3n y provisi\u00f3n de los equipos a usarse en clase y en la<br>realizaci\u00f3n de trabajos pr\u00e1cticos. Adem\u00e1s, administra el uso del Set de Televisi\u00f3n y de la Isla de Edici\u00f3n.<\/p>\n\n\n\n<ul class=\"wp-block-list\">\n<li>Provee de los equipos para la realizaci\u00f3n de pr\u00e1cticas de c\u00e1tedra y trabajos de tesis a los\/as alumnos\/as de la instituci\u00f3n.<\/li>\n\n\n\n<li>Esta \u00e1rea presta servicios tambi\u00e9n a egresados\/as u otros\/as profesionales del medio, en tanto no se afecte el trabajo curricular de la carrera.<\/li>\n\n\n\n<li>Cuenta con un equipo de profesionales estable que atiende las diversas actividades que le son propias al \u00e1rea, incluyendo el mantenimiento de los equipos.<\/li>\n\n\n\n<li>Se suman adem\u00e1s, profesores\/as que imparten all\u00ed sus talleres regularmente.<\/li>\n<\/ul>\n\n\n\n<p>El <strong>Centro de Informaci\u00f3n y Documentaci\u00f3n<\/strong> <strong>\u00abMiguel Graneros<\/strong>\u00bb es el soporte informativo y documental de la actividad acad\u00e9mica de la Escuela. Incluye las secciones de Biblioteca, Videoteca y Hemeroteca, y concentra adem\u00e1s los resultados de la producci\u00f3n audiovisual de los estudiantes, egresados y profesores, con el fin de preservar el patrimonio y la memoria audiovisual de la instituci\u00f3n.<br>Todo trabajo indicado por c\u00e1tedra que esta considere de complejidad suficiente para ser archivado en el CID, deber\u00e1 presentarse para su revisi\u00f3n y ser catalogado.<\/p>\n\n\n\n<p><strong>Contacto:<\/strong>\u00a0<a href=\"mailto:cid.ecineyvideo@gmail.com\">cid.ecineyvideo@gmail.com<\/a><\/p>\n\n\n\n<p><\/p>\n\n\n\n<p>La <strong>Cooperadora<\/strong> es un cuerpo formado por estudiantes y personal de la Escuela, cuya funci\u00f3n es recaudar y administrar fondos para el mantenimiento de los equipos usados en el dictado de clases y en la realizaci\u00f3n de trabajos pr\u00e1cticos. Adem\u00e1s, se encarga de solventar todas aquellas necesidades que no son contempladas por el presupuesto de la Direcci\u00f3n General de Escuelas.<br>Para ser socio de la Cooperadora, deber\u00e1 abonarse una cuota mensual.<\/p>\n\n\n\n<p><strong>Contacto<\/strong>: <a href=\"mailto:coopescuelacine@gmail.com\">coopescuelacine@gmail.com<\/a><\/p>\n\n\n\n<p><\/p>\n\n\n\n<div class=\"wp-block-columns is-layout-flex wp-container-core-columns-is-layout-9d6595d7 wp-block-columns-is-layout-flex\">\n<div class=\"wp-block-column is-layout-flow wp-block-column-is-layout-flow\" style=\"flex-basis:33.34%\">\n<figure class=\"wp-block-image size-full\"><img fetchpriority=\"high\" decoding=\"async\" width=\"1154\" height=\"2560\" src=\"https:\/\/escueladecinemza.com.ar\/web\/wp-content\/uploads\/2023\/06\/20230510_172357-11-scaled.jpg\" alt=\"\" class=\"wp-image-569\" style=\"aspect-ratio:1;object-fit:cover\" srcset=\"https:\/\/escueladecinemza.com.ar\/web\/wp-content\/uploads\/2023\/06\/20230510_172357-11-scaled.jpg 1154w, https:\/\/escueladecinemza.com.ar\/web\/wp-content\/uploads\/2023\/06\/20230510_172357-11-135x300.jpg 135w, https:\/\/escueladecinemza.com.ar\/web\/wp-content\/uploads\/2023\/06\/20230510_172357-11-462x1024.jpg 462w, https:\/\/escueladecinemza.com.ar\/web\/wp-content\/uploads\/2023\/06\/20230510_172357-11-768x1704.jpg 768w, https:\/\/escueladecinemza.com.ar\/web\/wp-content\/uploads\/2023\/06\/20230510_172357-11-692x1536.jpg 692w, https:\/\/escueladecinemza.com.ar\/web\/wp-content\/uploads\/2023\/06\/20230510_172357-11-923x2048.jpg 923w\" sizes=\"(max-width: 1154px) 100vw, 1154px\" \/><\/figure>\n<\/div>\n\n\n\n<div class=\"wp-block-column is-layout-flow wp-block-column-is-layout-flow\" style=\"flex-basis:33.34%\">\n<figure class=\"wp-block-image size-full\"><img decoding=\"async\" width=\"800\" height=\"599\" src=\"https:\/\/escueladecinemza.com.ar\/web\/wp-content\/uploads\/2023\/06\/corte.jpg\" alt=\"\" class=\"wp-image-637\" style=\"aspect-ratio:1;object-fit:cover\" srcset=\"https:\/\/escueladecinemza.com.ar\/web\/wp-content\/uploads\/2023\/06\/corte.jpg 800w, https:\/\/escueladecinemza.com.ar\/web\/wp-content\/uploads\/2023\/06\/corte-300x225.jpg 300w, https:\/\/escueladecinemza.com.ar\/web\/wp-content\/uploads\/2023\/06\/corte-768x575.jpg 768w\" sizes=\"(max-width: 800px) 100vw, 800px\" \/><\/figure>\n<\/div>\n\n\n\n<div class=\"wp-block-column is-layout-flow wp-block-column-is-layout-flow\" style=\"flex-basis:33.33%\">\n<figure class=\"wp-block-image size-large\"><img decoding=\"async\" width=\"1024\" height=\"1024\" src=\"https:\/\/escueladecinemza.com.ar\/web\/wp-content\/uploads\/2026\/04\/WhatsApp-Image-2025-04-23-at-18.02.09-1-1024x1024.jpeg\" alt=\"\" class=\"wp-image-1196\" srcset=\"https:\/\/escueladecinemza.com.ar\/web\/wp-content\/uploads\/2026\/04\/WhatsApp-Image-2025-04-23-at-18.02.09-1-1024x1024.jpeg 1024w, https:\/\/escueladecinemza.com.ar\/web\/wp-content\/uploads\/2026\/04\/WhatsApp-Image-2025-04-23-at-18.02.09-1-300x300.jpeg 300w, https:\/\/escueladecinemza.com.ar\/web\/wp-content\/uploads\/2026\/04\/WhatsApp-Image-2025-04-23-at-18.02.09-1-150x150.jpeg 150w, https:\/\/escueladecinemza.com.ar\/web\/wp-content\/uploads\/2026\/04\/WhatsApp-Image-2025-04-23-at-18.02.09-1-768x768.jpeg 768w\" sizes=\"(max-width: 1024px) 100vw, 1024px\" \/><\/figure>\n<\/div>\n<\/div>\n\n\n\n<p><\/p>\n\n\n\n<p style=\"font-size:27px\"><strong>Autoridades<\/strong><\/p>\n\n\n\n<p><strong>Rector<\/strong>: Lic. Patricio Pina<\/p>\n\n\n\n<p><strong>Directora<\/strong>: Prof. Gabriela Piro<\/p>\n\n\n\n<p><strong>Consejo Directivo<\/strong>: Sandra Nieto, Luc\u00eda Bracelis, Alejandro Alonso, Orlando Pelichotti, Mauricio Videla, Alicia Saraceno, Aldo Yebra, Valent\u00edn Carmona<\/p>\n\n\n\n<p><\/p>\n\n\n\n<p><\/p>\n","protected":false},"excerpt":{"rendered":"<p>La Escuela Regional Cuyo de Cine y Video fue creada en 1990 y es un Instituto T\u00e9cnico de Educaci\u00f3n Superior dedicado a la formaci\u00f3n audiovisual. Desde sus inicios, la instituci\u00f3n otorga el t\u00edtulo de T\u00e9cnico Superior en Cine, Video y Televisi\u00f3n, formando profesionales en el campo del cine y los medios. Depende de la Direcci\u00f3n &#8230; <a title=\"Institucional\" class=\"read-more\" href=\"https:\/\/escueladecinemza.com.ar\/web\/institucional-2\/\" aria-label=\"M\u00e1s en Institucional\">Leer m\u00e1s<\/a><\/p>\n","protected":false},"author":2,"featured_media":0,"parent":0,"menu_order":10,"comment_status":"closed","ping_status":"closed","template":"","meta":{"ngg_post_thumbnail":0,"footnotes":""},"class_list":["post-124","page","type-page","status-publish","hentry"],"_links":{"self":[{"href":"https:\/\/escueladecinemza.com.ar\/web\/wp-json\/wp\/v2\/pages\/124","targetHints":{"allow":["GET"]}}],"collection":[{"href":"https:\/\/escueladecinemza.com.ar\/web\/wp-json\/wp\/v2\/pages"}],"about":[{"href":"https:\/\/escueladecinemza.com.ar\/web\/wp-json\/wp\/v2\/types\/page"}],"author":[{"embeddable":true,"href":"https:\/\/escueladecinemza.com.ar\/web\/wp-json\/wp\/v2\/users\/2"}],"replies":[{"embeddable":true,"href":"https:\/\/escueladecinemza.com.ar\/web\/wp-json\/wp\/v2\/comments?post=124"}],"version-history":[{"count":8,"href":"https:\/\/escueladecinemza.com.ar\/web\/wp-json\/wp\/v2\/pages\/124\/revisions"}],"predecessor-version":[{"id":1218,"href":"https:\/\/escueladecinemza.com.ar\/web\/wp-json\/wp\/v2\/pages\/124\/revisions\/1218"}],"wp:attachment":[{"href":"https:\/\/escueladecinemza.com.ar\/web\/wp-json\/wp\/v2\/media?parent=124"}],"curies":[{"name":"wp","href":"https:\/\/api.w.org\/{rel}","templated":true}]}}

<p><strong>La Escuela Regional Cuyo de Cine y Video</strong> fue creada en 1990 y es un Instituto Técnico de Educación Superior dedicado a la formación audiovisual. Desde sus inicios, la institución otorga el título de <strong>Técnico Superior en Cine, Video y Televisión</strong>, formando profesionales en el campo del cine y los medios. Depende de la Dirección de Enseñanza Superior, en el ámbito de la Dirección General de Escuelas, garantizando una formación de calidad con reconocimiento oficial en todo el país.</p>



<p>Actualmente, su propuesta académica se amplía con la <strong>Tecnicatura Superior en Fotografía Creativa y Diseño Fotográfico</strong>, incorporando nuevas miradas y herramientas para la producción de imágenes contemporáneas.</p>



<p>La escuela reúne a artistas, técnicos y técnicas especializados, constituyéndose como un espacio de formación integral para el desarrollo de la industria audiovisual y fotográfica.</p>



<p>Cuenta con un <strong>Centro de Producción</strong>, área encargada del mantenimiento, reparación y provisión de los equipos a usarse en clase y en la<br>realización de trabajos prácticos. Además, administra el uso del Set de Televisión y de la Isla de Edición.</p>



<ul class="wp-block-list">
<li>Provee de los equipos para la realización de prácticas de cátedra y trabajos de tesis a los/as alumnos/as de la institución.</li>



<li>Esta área presta servicios también a egresados/as u otros/as profesionales del medio, en tanto no se afecte el trabajo curricular de la carrera.</li>



<li>Cuenta con un equipo de profesionales estable que atiende las diversas actividades que le son propias al área, incluyendo el mantenimiento de los equipos.</li>



<li>Se suman además, profesores/as que imparten allí sus talleres regularmente.</li>
</ul>



<p>El <strong>Centro de Información y Documentación</strong> <strong>«Miguel Graneros</strong>» es el soporte informativo y documental de la actividad académica de la Escuela. Incluye las secciones de Biblioteca, Videoteca y Hemeroteca, y concentra además los resultados de la producción audiovisual de los estudiantes, egresados y profesores, con el fin de preservar el patrimonio y la memoria audiovisual de la institución.<br>Todo trabajo indicado por cátedra que esta considere de complejidad suficiente para ser archivado en el CID, deberá presentarse para su revisión y ser catalogado.</p>



<p><strong>Contacto:</strong> <a href="mailto:cid.ecineyvideo@gmail.com">cid.ecineyvideo@gmail.com</a></p>



<p></p>



<p>La <strong>Cooperadora</strong> es un cuerpo formado por estudiantes y personal de la Escuela, cuya función es recaudar y administrar fondos para el mantenimiento de los equipos usados en el dictado de clases y en la realización de trabajos prácticos. Además, se encarga de solventar todas aquellas necesidades que no son contempladas por el presupuesto de la Dirección General de Escuelas.<br>Para ser socio de la Cooperadora, deberá abonarse una cuota mensual.</p>



<p><strong>Contacto</strong>: <a href="mailto:coopescuelacine@gmail.com">coopescuelacine@gmail.com</a></p>



<p></p>



<div class="wp-block-columns is-layout-flex wp-container-core-columns-is-layout-9d6595d7 wp-block-columns-is-layout-flex">
<div class="wp-block-column is-layout-flow wp-block-column-is-layout-flow" style="flex-basis:33.34%">
<figure class="wp-block-image size-full"><img fetchpriority="high" decoding="async" width="1154" height="2560" src="https://escueladecinemza.com.ar/web/wp-content/uploads/2023/06/20230510_172357-11-scaled.jpg" alt="" class="wp-image-569" style="aspect-ratio:1;object-fit:cover" srcset="https://escueladecinemza.com.ar/web/wp-content/uploads/2023/06/20230510_172357-11-scaled.jpg 1154w, https://escueladecinemza.com.ar/web/wp-content/uploads/2023/06/20230510_172357-11-135x300.jpg 135w, https://escueladecinemza.com.ar/web/wp-content/uploads/2023/06/20230510_172357-11-462x1024.jpg 462w, https://escueladecinemza.com.ar/web/wp-content/uploads/2023/06/20230510_172357-11-768x1704.jpg 768w, https://escueladecinemza.com.ar/web/wp-content/uploads/2023/06/20230510_172357-11-692x1536.jpg 692w, https://escueladecinemza.com.ar/web/wp-content/uploads/2023/06/20230510_172357-11-923x2048.jpg 923w" sizes="(max-width: 1154px) 100vw, 1154px" /></figure>
</div>



<div class="wp-block-column is-layout-flow wp-block-column-is-layout-flow" style="flex-basis:33.34%">
<figure class="wp-block-image size-full"><img decoding="async" width="800" height="599" src="https://escueladecinemza.com.ar/web/wp-content/uploads/2023/06/corte.jpg" alt="" class="wp-image-637" style="aspect-ratio:1;object-fit:cover" srcset="https://escueladecinemza.com.ar/web/wp-content/uploads/2023/06/corte.jpg 800w, https://escueladecinemza.com.ar/web/wp-content/uploads/2023/06/corte-300x225.jpg 300w, https://escueladecinemza.com.ar/web/wp-content/uploads/2023/06/corte-768x575.jpg 768w" sizes="(max-width: 800px) 100vw, 800px" /></figure>
</div>



<div class="wp-block-column is-layout-flow wp-block-column-is-layout-flow" style="flex-basis:33.33%">
<figure class="wp-block-image size-large"><img decoding="async" width="1024" height="1024" src="https://escueladecinemza.com.ar/web/wp-content/uploads/2026/04/WhatsApp-Image-2025-04-23-at-18.02.09-1-1024x1024.jpeg" alt="" class="wp-image-1196" srcset="https://escueladecinemza.com.ar/web/wp-content/uploads/2026/04/WhatsApp-Image-2025-04-23-at-18.02.09-1-1024x1024.jpeg 1024w, https://escueladecinemza.com.ar/web/wp-content/uploads/2026/04/WhatsApp-Image-2025-04-23-at-18.02.09-1-300x300.jpeg 300w, https://escueladecinemza.com.ar/web/wp-content/uploads/2026/04/WhatsApp-Image-2025-04-23-at-18.02.09-1-150x150.jpeg 150w, https://escueladecinemza.com.ar/web/wp-content/uploads/2026/04/WhatsApp-Image-2025-04-23-at-18.02.09-1-768x768.jpeg 768w" sizes="(max-width: 1024px) 100vw, 1024px" /></figure>
</div>
</div>



<p></p>



<p style="font-size:27px"><strong>Autoridades</strong></p>



<p><strong>Rector</strong>: Lic. Patricio Pina</p>



<p><strong>Directora</strong>: Prof. Gabriela Piro</p>



<p><strong>Consejo Directivo</strong>: Sandra Nieto, Lucía Bracelis, Alejandro Alonso, Orlando Pelichotti, Mauricio Videla, Alicia Saraceno, Aldo Yebra, Valentín Carmona</p>



<p></p>



<p></p>

<p>La Escuela Regional Cuyo de Cine y Video fue creada en 1990 y es un Instituto Técnico de Educación Superior dedicado a la formación audiovisual. Desde sus inicios, la institución otorga el título de Técnico Superior en Cine, Video y Televisión, formando profesionales en el campo del cine y los medios. Depende de la Dirección &#8230; <a title="Institucional" class="read-more" href="https://escueladecinemza.com.ar/web/institucional-2/" aria-label="Más en Institucional">Leer más</a></p>
