{"id":10,"date":"2020-05-29T21:18:06","date_gmt":"2020-05-29T21:18:06","guid":{"rendered":"http:\/\/escueladecinemza.com.ar\/web\/?page_id=10"},"modified":"2025-04-21T22:50:21","modified_gmt":"2025-04-21T22:50:21","slug":"extension","status":"publish","type":"page","link":"https:\/\/escueladecinemza.com.ar\/web\/extension\/","title":{"rendered":"Extensi\u00f3n"},"content":{"rendered":"\n<p>El Departamento de Extensi\u00f3n y Relaciones Institucionales, actualmente trabaja para generar propuestas que fomenten la difusi\u00f3n de la labor de la escuela, fortalezcan el sentimiento de pertenencia de los estudiantes a la instituci\u00f3n, ponderar la realizaci\u00f3n audiovisual como trabajo en equipo y fortalecer la labor pedag\u00f3gica de la instituci\u00f3n.<\/p>\n\n\n\n<p>Responsable: Luc\u00eda Bracelis<\/p>\n\n\n\n<p>Contacto: extensionescueladecineyfoto@gmail.com<\/p>\n\n\n\n<p><\/p>\n","protected":false},"excerpt":{"rendered":"<p>El Departamento de Extensi\u00f3n y Relaciones Institucionales, actualmente trabaja para generar propuestas que fomenten la difusi\u00f3n de la labor de la escuela, fortalezcan el sentimiento de pertenencia de los estudiantes a la instituci\u00f3n, ponderar la realizaci\u00f3n audiovisual como trabajo en equipo y fortalecer la labor pedag\u00f3gica de la instituci\u00f3n. Responsable: Luc\u00eda Bracelis Contacto: extensionescueladecineyfoto@gmail.com<\/p>\n","protected":false},"author":2,"featured_media":0,"parent":0,"menu_order":0,"comment_status":"closed","ping_status":"closed","template":"","meta":{"ngg_post_thumbnail":0,"footnotes":""},"class_list":["post-10","page","type-page","status-publish","hentry"],"_links":{"self":[{"href":"https:\/\/escueladecinemza.com.ar\/web\/wp-json\/wp\/v2\/pages\/10","targetHints":{"allow":["GET"]}}],"collection":[{"href":"https:\/\/escueladecinemza.com.ar\/web\/wp-json\/wp\/v2\/pages"}],"about":[{"href":"https:\/\/escueladecinemza.com.ar\/web\/wp-json\/wp\/v2\/types\/page"}],"author":[{"embeddable":true,"href":"https:\/\/escueladecinemza.com.ar\/web\/wp-json\/wp\/v2\/users\/2"}],"replies":[{"embeddable":true,"href":"https:\/\/escueladecinemza.com.ar\/web\/wp-json\/wp\/v2\/comments?post=10"}],"version-history":[{"count":12,"href":"https:\/\/escueladecinemza.com.ar\/web\/wp-json\/wp\/v2\/pages\/10\/revisions"}],"predecessor-version":[{"id":864,"href":"https:\/\/escueladecinemza.com.ar\/web\/wp-json\/wp\/v2\/pages\/10\/revisions\/864"}],"wp:attachment":[{"href":"https:\/\/escueladecinemza.com.ar\/web\/wp-json\/wp\/v2\/media?parent=10"}],"curies":[{"name":"wp","href":"https:\/\/api.w.org\/{rel}","templated":true}]}}

Extensión

<p>El Departamento de Extensión y Relaciones Institucionales, actualmente trabaja para generar propuestas que fomenten la difusión de la labor de la escuela, fortalezcan el sentimiento de pertenencia de los estudiantes a la institución, ponderar la realización audiovisual como trabajo en equipo y fortalecer la labor pedagógica de la institución.</p>



<p>Responsable: Lucía Bracelis</p>



<p>Contacto: extensionescueladecineyfoto@gmail.com</p>



<p></p>

<p>El Departamento de Extensión y Relaciones Institucionales, actualmente trabaja para generar propuestas que fomenten la difusión de la labor de la escuela, fortalezcan el sentimiento de pertenencia de los estudiantes a la institución, ponderar la realización audiovisual como trabajo en equipo y fortalecer la labor pedagógica de la institución. Responsable: Lucía Bracelis Contacto: extensionescueladecineyfoto@gmail.com</p>
